 - 1/40*c**5 + 5/6*c**3. Let x(u) be the first derivative of n(u). Determine x(-3).
-4
Suppose -m - 30 = -6*m. Let q(b) = b. Let t(i) = i**2 - 4*i + 12. Let d(r) = m*q(r) - t(r). What is d(8)?
4
Let v(q) = 2 - 3 - 3*q**3 - q + 18*q**2 - 19*q**2 + 0. Determine v(-1).
2
Let p = 193 - 193. Let h(q) = q**3 - q**2 + 22. Determine h(p).
22
Let n(u) = 2*u**3 + 43*u**2 - 22*u + 12. Let w be n(-22). Let d(g) = g - 9. Calculate d(w).
3
Let f = 1 - -2. Suppose 3*i - 7 - 5 = f*u, -4*u - 9 = -3*i. Let s(t) = t**3 - 7*t**2 + 7. What is s(i)?
7
Suppose -3*u + 12 = 6. Let t be (10/(-4) + u)*0. Let m(f) = f. Let v(a) = -7*a + 2. Let k(s) = -6*m(s) - v(s). Determine k(t).
-2
Let q(d) = -d**2 - d. Suppose 2*v - 2 = -6. Calculate q(v).
-2
Let j(b) be the second derivative of -5*b**3/6 + 9*b**2/2 - 65*b. What is j(5)?
-16
Let d(g) be the third derivative of g**5/60 + g**4/6 - 22*g**2. Let y(x) = -x**2 - x + 1. Let r be y(-3). Determine d(r).
5
Let c(s) = -5*s - 5. Suppose 0*t = -t, 4*t = -o + 5. Suppose 5*b = 2*i - 4 + 1, 30 = o*i - 5*b. Let p(n) = n + 1. Let z(m) = i*p(m) + 2*c(m). Calculate z(3).
-4
Let r(b) = -b**2 - 18*b - 34. Let u be r(-16). Let a(s) = -2*s + 2. Let d be a(u). Let f(c) = -c**2 + 5*c + 6. What is f(d)?
0
Let f = 0 - -4. Let c(w) = 0*w - f + 3 + 2*w - 3. Let k be 5 + -7 - 3*-2. Calculate c(k).
4
Let q(u) = -u. Let x be q(-4). Suppose 3 = -3*c + 4*s, -c + 3*s - 2*s = 0. Let i(m) = -1 + 3*m**3 - c*m**2 - 2*m**3 + 2 - 2*m. What is i(x)?
9
Suppose -p + 6 + 5 = 4*h, -5*h + 4*p - 2 = 0. Let q(a) = -58*a - 2*a**2 + 59*a - 2*a**3 + 3*a**3 + 0*a**h. Let y be -2 + (-2 - (-5 + -2)). Give q(y).
12
Let s(j) be the third derivative of 1/120*j**6 + 0 - 10*j**2 + 1/60*j**5 - 1/24*j**4 - 5/6*j**3 + 0*j. Calculate s(0).
-5
Let q(j) = j**2 + j. Let m be 6/(-9) + 8/3. Suppose -61 = 5*b + m*p, 6 - 11 = b - 2*p. Let c = b + 12. Calculate q(c).
2
Let f(r) = 2*r + 3. Suppose 0 = 5*d - 10, n - d - 6 = 2*n. Calculate f(n).
-13
Let o(w) = 41*w - 81. Let s be o(2). Let v(a) = -12*a**2 - a. Give v(s).
-13
Let j be (-3 - (-5 - (-10)/5))/(-2). Let y(b) = b - 4. Let s be y(5). Let d(o) = 2 - o**2 - s - 4. Give d(j).
-3
Suppose 8*h + 137 = 89. Let d(q) = -4*q - 3. Determine d(h).
21
Let g(p) = -12*p**2 - 6*p + 1. Let w(m) = -35*m**2 - 17*m + 3. Let v(u) = 11*g(u) - 4*w(u). Determine v(2).
35
Let m(l) = -l + 1. Let q = -789 - -794. What is m(q)?
-4
Let p(n) = n**3 - 27*n**2 + 2*n - 57. Let a be ((-540)/(-80))/((-2)/(-8)). Calculate p(a).
-3
Let r(j) = 9*j + 160. Let g be r(-18). Let l(a) = -3*a**3 + a**2 + 2*a - 1. What is l(g)?
23
Let t(d) = 2*d + 2*d**2 - 3*d**2 - 10*d + 101 - 108 - 3*d. Determine t(-13).
-33
Let k(v) = 2*v + 130 - 3*v - 131. Calculate k(-9).
8
Suppose 5*n - 16 = n. Let m(d) = 4*d**2 - 2*d**2 - n*d + 3*d**2 - 12 + 18 + d**3. What is m(-6)?
-6
Suppose 17 = j - 5*j + c, 0 = -3*j + 3*c - 24. Let g(i) = -i**2 + 4. What is g(j)?
-5
Suppose -2*k + 4*g = -0*k + 2, -2*k + g = -10. Let i be (1 - 0)/((-27)/6 - -5). Let f(s) = 9*s**2 - 2 - 23*s**2 + i*s**2 + 11*s**2 + 8*s. Give f(k).
5
Let s(v) = -5*v**3 + v**2 + 3*v - 1. Let b(h) = h**3 - h + 1. Let y(a) = 4*b(a) + s(a). Calculate y(0).
3
Let h(f) = 11*f - 4. Let z(k) = -3*k - 1. Let g(l) = -h(l) + 3*z(l). What is g(2)?
-39
Let f(s) = -39*s - 41*s + 6*s**2 - 7 + s**3 + 86*s. What is f(-5)?
-12
Let o(f) = 7*f + 100. Let z be o(-14). Let j(x) be the first derivative of -1/4*x**4 + 2 - z*x**2 + 2*x**3 - x. What is j(5)?
4
Let o(j) = j**2 + 6*j + 7. Let s be o(-5). Let b(y) = -2*y**2 - 1. Give b(s).
-9
Let b(q) = -q**2 - 4*q + 1. Let i be b(-3). Let z = -2 - i. Let o = z + 8. Let l(w) = -3*w + 3. Determine l(o).
-3
Let g(s) be the first derivative of s - 38 + 5/2*s**2. Give g(-2).
-9
Let r = -1071 + 1062. Let d(m) = m**3 + 8*m**2 - 13*m - 4. Determine d(r).
32
Let c(y) = -y**3 + 5*y**2 - 2. Let t = 46 + -45. Let g be (8/t)/2 - -2 - 1. Determine c(g).
-2
Let q(l) = 2*l. Suppose 0 = -6*w - 7*w - 12*w. Calculate q(w).
0
Let c(d) = -5*d**3 - 2*d**2 + 7*d + 2. Let j(f) = -6*f**3 - 2*f**2 + 5*f + 2. Let n(b) = 2*c(b) - 3*j(b). Determine n(-1).
-7
Let w(h) = -h + 3. Suppose -5*l = -8 - 7. Let f be (13/l - 3/9)/(-1). Calculate w(f).
7
Let s(m) = 11*m - 12*m - 6*m - 39 + 5*m. Calculate s(-21).
3
Let p = 24 - -3. Suppose -5*g + p = l + 3*l, 4*g - 4*l = 0. Let a(u) = -u**3 + 4*u**2 - 3*u - 1. Calculate a(g).
-1
Suppose 0 = 2*f - 5*x - 28, 3*f - 6*f + 8 = x. Let d(q) = -q + 4. Let j be d(f). Let h = j - -3. Let y(l) = 2*l**2 - 2*l. Give y(h).
12
Let q = -3 - -6. Suppose 3*r + 24 = q*x, -4*r - 2 = 3*x - 5. Suppose -x*o + 22 = -4*g, 3*g + 2 + 9 = o. Let u(l) = l - 2. Calculate u(g).
-5
Let r be 18/(-10) + 1/(-5). Let w(u) = -9*u - 15. Let c(d) be the first derivative of 2*d**2 + 7*d + 17. Let m(v) = 7*c(v) + 3*w(v). What is m(r)?
2
Let x(p) = 6*p - p + 5*p. Let t(l) = -4 - 4*l**2 + 3*l**2 - 6*l + 0*l**2. Let i be t(-5). Give x(i).
10
Let x(j) = -j**3 + 3*j**2 + 6*j + 7. Let m(o) = -o**3 + 3*o**2 + 8*o + 7. Let t(u) = 5*m(u) - 6*x(u). Give t(3).
5
Suppose 34*n - 30*n = -3*z - 1, 2*n - 45 = 5*z. Let h(x) = x - 11. Calculate h(z).
-18
Suppose 18 = -0*h - h - 4*n, 2*h + n = -1. Suppose -4*b + 18 = i - h*i, 5*i = -b - 6. Let y(g) = b - 15*g - 8 - 5 + 16*g. Determine y(4).
-5
Let c(z) be the first derivative of -z**3/3 - z**2/2 + 11*z + 11. Let i(h) be the first derivative of c(h). Calculate i(-4).
7
Let l(s) = 6 + s - 6 - 4 - 6. Let g be 41/6 + 18/108. Give l(g).
-3
Suppose 9*v - 7*v = -12. Let c be v - -13 - (2 - -2). Let k(z) = -2*z**2 + 3*z - 4. What is k(c)?
-13
Let g(w) = -5 + 0*w + 8*w - 4 - 11*w. Give g(-8).
15
Let v(u) = 0*u**2 + 2479*u - 11*u**2 - 2460*u + u**3. Give v(9).
9
Let a(f) = -f**2 - 11*f - 4. Let h(l) = 6*l - 32. Let k be h(6). Suppose -d + 5 = -3*o, k*d + d - 2*o = -40. What is a(d)?
6
Let q(l) = l. Let o be q(3). Let z(i) = 17*i - 21*i + 5*i**3 - 4*i**o - 1. What is z(3)?
14
Let x(u) be the third derivative of u**4/24 + 3*u**3/2 - 2*u**2. Suppose -3*q + 23 = -2*z, -16*q + 11*q + 36 = -3*z. Calculate x(z).
2
Let g(j) be the first derivative of 2/3*j**3 + 1/2*j**2 - 2*j + 7. Calculate g(2).
8
Let v(f) = f**3 - f**2. Let d(u) = -3*u**3 - 3*u**2 + 2*u + 3. Let r be (-12)/(-2) - (7 - 3). Let s(b) = r*v(b) + d(b). Let y = -9 + 4. Calculate s(y).
-7
Let a(w) = 3*w**3 + w**2 + 4*w + 12. Let c(f) = -2*f**3 - 3*f - 7. Let g(y) = -3*a(y) - 5*c(y). Determine g(2).
1
Let c = -7 - -11. Let j(a) be the third derivative of a**6/120 - a**5/20 - a**4/6 + 5*a**3/6 + 2*a**2. Determine j(c).
5
Let w = -300 - -302. Let n(v) = 2*v**2 + 1. Determine n(w).
9
Let z(b) = -b**3 + 15*b**2 - 14*b - 13. Suppose -2*t = 3*t - 4*y - 54, -20 = -5*y. What is z(t)?
-13
Let d(h) = -3*h + 4. Let o = -128 - -136. Determine d(o).
-20
Let j(m) be the third derivative of -m**6/120 - m**5/12 - 7*m**3/6 + 10*m**2. Let b(k) = -2*k - 4. Let h be b(-4). Suppose -z - 25 = h*z. Calculate j(z).
-7
Let t(l) = l**3 + 3*l**2 + 13*l + 4*l**2 - 7*l - 5. Suppose -32 = -3*s + 34. Suppose -4*b - 12 = -3*p, -p + 2*p + s = -3*b. Give t(b).
-5
Let t(r) = r + 4. Let j be ((-44)/33)/(2/(-6)). Suppose -20 = -j*x, -26 = -4*d + 3*d - 4*x. Suppose 0 = -d*f + 9 + 9. What is t(f)?
7
Let p be (-1232)/(-231)*((-9)/(-2))/(-3). Let m(k) = -k - 6. Let a(u) = 2*u + 13. Let g(t) = 3*a(t) + 7*m(t). Calculate g(p).
5
Let h be 0/7*(0 + -1). Suppose 13*m - 14*m + 6 = h. Let j(w) = -2*w + 6. Calculate j(m).
-6
Let n(h) be the third derivative of h**6/60 + h**5/5 - h**4/24 - h**3/2 + 545*h**2. What is n(-6)?
3
Let y = -32 + 35. Let s(q) = -5*q**2 - 15*q - 6. Let i(d) = -4*d**2 - 14*d - 6. Let v(r) = y*s(r) - 4*i(r). Determine v(-9).
-12
Let k(h) = h**3 - 14*h**2 + 35*h - 22. Let r be k(11). Let u(t) = t**2 + 8. Give u(r).
8
Let v(b) = -b**2 - 6*b + 1. Suppose -2*j = 3*x - 4, x + x = 0. Suppose -d - 12 = 3*w, 3*d - 3*w = -j*w - 6. Give v(d).
10
Let x = -130 - -135. Let z(v) = v**3 - 5*v**2 + v + 1. Determine z(x).
6
Suppose 3*d - 20 = -5*b, 20*d = 24*d. Let l(i) = -2*i**2 + 6*i. Give l(b).
-8
Suppose 24*o = 41*o - 136. Let z(l) = 4*l - 39. Calculate z(o).
-7
Let d(j) = 7*j**3 + j**2 - 15*j + 7. Let k(s) = -3*s**3 - s**2 + 8*s - 3. Let x(g) = -2*d(g) - 5*k(g). What is x(-5)?
1
Suppose 0 = 25*h - 21*h - 8. Let j(x) = 2 + 4 - 9*x - x**2 + 4*x**2 - 2*x**h. Give j(6).
-12
Let o be 1/(-3) + (-14)/(-6).